59850?
2, 3, 5, 103, 191033
List the prime factors of 279287803.
37, 7548319
List the prime factors of 25067510.
2, 5, 13, 151, 1277
List the prime factors of 24734803.
24734803
List the prime factors of 1538715728.
2, 11, 61, 331, 433
List the prime factors of 501866084.
2, 109, 1151069
List the prime factors of 255307832.
2, 13, 2454883
What are the prime factors of 146377979?
11, 61, 218149
What are the prime factors of 401373204?
2, 3, 5701, 5867
What are the prime factors of 15089551?
271, 55681
What are the prime factors of 51923889?
3, 1923107
List the prime factors of 260436134.
2, 7, 2819, 6599
What are the prime factors of 100598609?
139, 397, 1823
What are the prime factors of 550230912?
2, 3, 7, 11, 6203
What are the prime factors of 99057133?
7, 14151019
What are the prime factors of 187054125?
3, 5, 47, 10613
List the prime factors of 257646503.
37, 6963419
List the prime factors of 113987969.
43, 823, 3221
What are the prime factors of 54270080?
2, 5, 19, 4463
What are the prime factors of 3013222702?
2, 7, 359, 661, 907
What are the prime factors of 57844493?
7, 19, 434921
What are the prime factors of 11077730?
2, 5, 1107773
List the prime factors of 218411937.
3, 17, 113, 4211
List the prime factors of 5742794.
2, 1487, 1931
List the prime factors of 7764783.
3, 13, 37, 5381
What are the prime factors of 4942103398?
2, 6091, 405689
What are the prime factors of 46545749?
59, 73, 101, 107
List the prime factors of 534498553.
1087, 491719
List the prime factors of 24250839.
3, 43, 53, 3547
List the prime factors of 73822496.
2, 11, 401, 523
List the prime factors of 57392895.
3, 5, 7, 546599
What are the prime factors of 127615437?
3, 31, 457403
List the prime factors of 50934871.
13, 3918067
List the prime factors of 86165874.
2, 3, 19, 251947
What are the prime factors of 26219912?
2, 127, 131, 197
List the prime factors of 30795621.
3, 10265207
What are the prime factors of 854845781?
854845781
What are the prime factors of 1182335822?
2, 17, 163, 317, 673
List the prime factors of 87279479.
7, 17, 569, 1289
What are the prime factors of 175577044?
2, 1097, 40013
What are the prime factors of 1045719986?
2, 19, 27518947
List the prime factors of 753768109.
137, 1637, 3361
What are the prime factors of 659383499?
349, 1889351
List the prime factors of 68730841.
29, 521, 4549
List the prime factors of 413872984.
2, 7, 1223, 6043
What are the prime factors of 4744783226?
2, 599, 3960587
List the prime factors of 439336602.
2, 3, 29, 280547
List the prime factors of 472677083.
109, 4336487
What are the prime factors of 1412368520?
2, 5, 35309213
What are the prime factors of 20327512?
2, 17, 137, 1091
List the prime factors of 3005379473.
19, 1093, 144719
List the prime factors of 7903139289.
3, 2634379763
List the prime factors of 3903445786.
2, 17, 31, 47, 78797
What are the prime factors of 1401527625?
3, 5, 37, 83, 1217
What are the prime factors of 3722665405?
5, 1879, 396239
What are the prime factors of 181284970?
2, 5, 173, 104789
What are the prime factors of 141844103?
3319, 42737
List the prime factors of 283294527.
3, 94431509
What are the prime factors of 458657461?
458657461
List the prime factors of 800281553.
73, 10962761
List the prime factors of 4500266853.
3, 1500088951
List the prime factors of 43022526.
2, 3, 7170421
What are the prime factors of 4220761000?
2, 5, 53, 97, 821
What are the prime factors of 5047420394?
2, 17, 1951, 76091
What are the prime factors of 613262061?
3, 68140229
What are the prime factors of 25145483?
11, 2285953
What are the prime factors of 1104520828?
2, 59, 4680173
What are the prime factors of 5234969930?
2, 5, 1933, 270821
What are the prime factors of 870405825?
3, 5, 11605411
List the prime factors of 27735656.
2, 13, 266689
List the prime factors of 260463452.
2, 65115863
What are the prime factors of 82850742?
2, 3, 13, 107, 1103
List the prime factors of 3249225251.
3249225251
What are the prime factors of 305051736?
2, 3, 11, 1155499
List the prime factors of 68694774.
2, 3, 683, 16763
What are the prime factors of 827271483?
3, 275757161
List the prime factors of 98669762.
2, 49334881
List the prime factors of 161684359.
509, 317651
What are the prime factors of 194915194?
2, 67, 1454591
What are the prime factors of 81539923?
1831, 44533
List the prime factors of 109956396.
2, 3, 11, 73, 11411
List the prime factors of 20078028.
2, 3, 41, 61, 223
What are the prime factors of 611622256?
2, 7, 23, 41, 5791
List the prime factors of 4477492331.
13, 9403, 36629
What are the prime factors of 1845963930?
2, 3, 5, 61532131
What are the prime factors of 299595708?
2, 3, 641, 12983
List the prime factors of 1161703226.
2, 580851613
List the prime factors of 3465109739.
7, 13, 38078129
List the prime factors of 706308251.
11, 101, 509, 1249
What are the prime factors of 2053039488?
2, 3, 151, 35407
What are the prime factors of 54964481?
11, 13, 384367
List the prime factors of 8561665.
5, 7, 244619
What are the prime factors of 35668719?
3, 19, 208589
List the prime factors of 6695628898.
2, 7, 4861, 98387
What are the prime factors of 16370420?
2, 5, 11, 74411
What are the prime factors of 342236612?
2, 701, 122053
List the prime factors of 108020784.
2, 3, 53, 42461
List the prime factors of 24006530.
2, 5, 97, 24749
What are the prime factors of 52607513?
7, 107, 70237
What are the prime factors of 4192661380?
2, 5, 17, 881, 13997
What are the prime factors of 132243673?
132243673
What are the prime factors of 370380709?
89, 4161581
List the prime factors of 658847900.
2, 5, 37, 178067
What are the prime factors of 495580036?
2, 7, 139, 223, 571
List the prime factors of 243210866.
2, 733, 165901
List the prime factors of 1319230.
2, 5, 11, 67, 179
What are the prime factors of 178635234?
2, 3, 73, 407843
List the prime factors of 524636235.
3, 5, 17, 79, 8681
What are the prime factors of 314177555?
5, 277, 226843
List the prime factors of 133904531.
31, 4319501
List the prime factors of 1301767324.
2, 11, 13, 251, 9067
What are the prime factors of 3725277978?
2, 3, 19, 32677877
What are the prime factors of 322371636?
2, 3, 26864303
List the prime factors of 1478711648.
2, 659, 70121
What are the prime factors of 29947877?
89, 97, 3469
What are the prime factors of 1021753834?
2, 277, 599, 3079
List the prime factors of 1716709091.
37, 557, 83299
List the prime factors of 533608013.
137, 3894949
List the prime factors of 142089764.
2, 41, 293, 2957
List the prime factors of 52834685.
5, 283, 37339
What are the prime factors of 119893748?
2, 13, 2305649
What are the prime factors of 177515416?
2, 13, 443, 3853
List the prime factors of 967880783.
967880783
What are the prime factors of 6572169497?
41, 109, 1470613
What are the prime factors of 18569500?
2, 5, 37139
List the prime factors of 292073655.
3, 5, 193, 233, 433
List the prime factors of 555346301.
555346301
List the prime factors of 2827400764.
2, 17, 23, 1187, 1523
What are the prime factors of 5339922?
2, 3, 7, 41, 443
What are the prime factors of 17711890?
2, 5, 7, 89, 2843
What are the prime factors of 304431057?
3, 7, 4832239
List the prime factors of 158251203.
3, 11, 83, 19259
What are the prime factors of 143526182?
2, 37, 1939543
What are the prime factors of 1803512601?
3, 11, 1237, 4909
What are the prime factors of 2984481397?
401, 1201, 6197
List the prime factors of 9292904824.
2, 7, 67, 2476787
List the prime factors of 62705103.
3, 107, 195343
What are the prime factors of 834948434?
2, 417474217
List the prime factors of 463505070.
2, 3, 5, 7, 47, 151, 311
What are the prime factors of 15660942?
2, 3, 11, 237287
List the prime factors of 6261945958.
2, 3130972979
What are the prime factors of 739498752?
2, 3, 47, 6829
List the prime factors of 49881288.
2, 3, 47, 44221
What are the prime factors of 47532078?
2, 3, 11, 67, 3583
What are the prime factors of 38103134?
2, 23, 433, 1913
What are the prime factors of 30590155?
5, 6118031
What are the prime factors of 89506122?
2, 3, 17, 29, 30259
List the prime factors of 653074696.
2, 23, 3549319
What are the prime factors of 2981409737?
181, 401, 41077
List the prime factors of 2894419392.
2, 3, 15075101
What are the prime factors of 28652136